
In base 7, what is 233155 - -1?
233156
In base 11, what is aa7 + 5?
1001
In base 9, what is 5283 - -42?
5335
In base 13, what is 39848b + 7?
398495
In base 6, what is 35035 + -42?
34553
In base 11, what is -a05 + -1010?
-1a15
In base 3, what is -212 + 210121?
202202
In base 2, what is -100 - -10100011101100000111?
10100011101100000011
In base 15, what is -12 - -7a34?
7a22
In base 11, what is -911246 - -3?
-911243
In base 15, what is -2e - -26d?
23e
In base 5, what is 1432 + -2410?
-423
In base 13, what is -44b8 + 45?
-4473
In base 6, what is -331005 - -213?
-330352
In base 5, what is 221122 + -21?
221101
In base 12, what is -5902 - -4?
-58ba
In base 14, what is -45 + 282b?
27c6
In base 8, what is -4 + 53461?
53455
In base 5, what is 223 - 11300134?
-11244411
In base 8, what is -152007 + 25?
-151762
In base 11, what is -292 - 164?
-446
In base 15, what is -c - -39be?
39b2
In base 9, what is 31303 - 11?
31282
In base 4, what is 10 + 120000111?
120000121
In base 4, what is -3 - -121210112?
121210103
In base 14, what is -13 - -9c5?
9b2
In base 12, what is a - 32b?
-321
In base 5, what is -30024 - 0?
-30024
In base 12, what is -193 + -6802?
-6995
In base 15, what is 1b + 325?
341
In base 13, what is 736 + 25?
75b
In base 15, what is -5d - 43?
-a1
In base 13, what is -1696 - 2c5?
-198b
In base 12, what is 12458 - -1?
12459
In base 12, what is 5a745 - -2?
5a747
In base 8, what is -1555646 + 4?
-1555642
In base 15, what is 83 - 561d?
-558a
In base 5, what is -200324 - 0?
-200324
In base 12, what is 3 + -29034?
-29031
In base 11, what is -545 + -206?
-750
In base 2, what is -1000010010101011110111 - 10?
-1000010010101011111001
In base 15, what is 3 - 5c95?
-5c92
In base 16, what is -7ac - 3f?
-7eb
In base 9, what is 68211 + 52?
68263
In base 11, what is -92 + -272?
-354
In base 11, what is -38a0 - 119?
-3a09
In base 6, what is 2202 - -221?
2423
In base 7, what is -104 + -2362?
-2466
In base 16, what is 3 + -5999?
-5996
In base 11, what is 75 - -1027?
10a1
In base 11, what is -3 + -208795?
-208798
In base 6, what is -2 - -214540?
214534
In base 14, what is d923c + 3?
d9241
In base 9, what is -11 + 433826?
433815
In base 15, what is -3d954 + 1?
-3d953
In base 12, what is -12b - 82?
-1b1
In base 16, what is cd - -576?
643
In base 8, what is -74614 - -4?
-74610
In base 13, what is 1aa167 + 2?
1aa169
In base 6, what is -145151 + 454?
-144253
In base 6, what is -10 - -3203045?
3203035
In base 12, what is 19 - b19b?
-b182
In base 3, what is 10202212 + -20?
10202122
In base 14, what is -205 + -a5?
-2aa
In base 6, what is 4040 - -5015?
13055
In base 4, what is -10211 + -12021?
-22232
In base 13, what is c + 9971?
9980
In base 4, what is 2 - -1000132?
1000200
In base 10, what is 3 - 11238?
-11235
In base 4, what is -103 + 12200123?
12200020
In base 7, what is -1531021 - -14?
-1531004
In base 7, what is 21052 - -2?
21054
In base 14, what is -95742 + 4?
-9573c
In base 12, what is -12a3 - 49?
-1330
In base 10, what is -5 + -471601?
-471606
In base 11, what is 1 + -10083?
-10082
In base 7, what is 15 + 11546?
11564
In base 16, what is 412 - 48a?
-78
In base 15, what is 2 - -5dc6?
5dc8
In base 15, what is -41 - -3d?
-3
In base 10, what is 27 - -48853?
48880
In base 10, what is -5 + -106230?
-106235
In base 15, what is -74 + 7a2?
72d
In base 15, what is -2c - cea?
-d27
In base 14, what is -1 - 6790?
-6791
In base 13, what is -1 - 5085?
-5086
In base 10, what is -2 + -28938?
-28940
In base 7, what is 3 + -153005?
-153002
In base 10, what is 5 + 88218?
88223
In base 9, what is -663422 - 0?
-663422
In base 5, what is -24312 - -413?
-23344
In base 16, what is -220 - 2be?
-4de
In base 8, what is -31 - -4051?
4020
In base 3, what is 11 + 12000?
12011
In base 14, what is 85 + -552?
-4ab
In base 4, what is 110 + -11002?
-10232
In base 16, what is abd7 + 5?
abdc
In base 2, what is -1101 + -101100000110?
-101100010011
In base 11, what is -64786 - 1?
-64787
In base 16, what is -21bc3 - 1?
-21bc4
In base 10, what is -140484 + 5?
-140479
In base 5, what is 2101 + -3301?
-1200
In base 9, what is -11 + 461827?
461816
In base 7, what is -54 - -64015?
63631
In base 16, what is 6 + 394a?
3950
In base 16, what is 25ad - -8?
25b5
In base 9, what is -407647 - 0?
-407647
In base 6, what is 15125535 + 3?
15125542
In base 10, what is -3 + 14958?
14955
In base 6, what is -13144343 + -2?
-13144345
In base 12, what is 280 - -5?
285
In base 3, what is 0 + 2202012010?
2202012010
In base 3, what is -10 - -1010002121110?
1010002121100
In base 12, what is 3 - 21a92?
-21a8b
In base 5, what is 442 + 413?
1410
In base 2, what is 1 - -110011010110011?
110011010110100
In base 4, what is 3230130 - 11?
3230113
In base 4, what is -10 - 11121222?
-11121232
In base 8, what is 1 - -37621?
37622
In base 7, what is 35 - -13252?
13320
In base 6, what is -2 - 323053?
-323055
In base 3, what is 1010201001 + -10?
1010200221
In base 10, what is 5 - 368483?
-368478
In base 4, what is -1220332 - 11?
-1221003
In base 9, what is -131 - -457?
326
In base 3, what is 1 - 2012121020?
-2012121012
In base 16, what is 20 - 259?
-239
In base 15, what is 92 + a?
9c
In base 7, what is 2353 - 352?
2001
In base 2, what is 11100110111001 - 101?
11100110110100
In base 15, what is -4 + -20944?
-20948
In base 9, what is -152131 + -16?
-152147
In base 7, what is -156 - -301?
112
In base 6, what is -2 + 132131?
132125
In base 13, what is -c876 + 51?
-c825
In base 9, what is 10 - 415?
-405
In base 12, what is 5 - 554b7?
-554b2
In base 16, what is 19f - -17?
1b6
In base 7, what is 61635041 + 0?
61635041
In base 15, what is -25 + -76?
-9b
In base 3, what is 21112002 + -2?
21112000
In base 13, what is -144881 + -13?
-144894
In base 13, what is -4b5 + 2?
-4b3
In base 4, what is 121320102220 + -2?
121320102212
In base 15, what is 202 + 203?
405
In base 14, what is -13a368 - 4?
-13a36c
In base 4, what is 1201 + -111300?
-110033
In base 3, what is 12001221201 - 110?
12001221021
In base 9, what is -217 + -174?
-402
In base 8, what is -2 + -614116?
-614120
In base 13, what is b69 + 66?
c02
In base 7, what is 1015112 + -50?
1015032
In base 11, what is -7aa5 - 79?
-8073
In base 13, what is -1c47 - 12?
-1c59
In base 5, what is 133 - 10203?
-10020
In base 12, what is 317 - 584?
-269
In base 7, what is 354 + -241?
113
In base 10, what is -2 + 5949?
5947
In base 8, what is 135574 + 70?
135664
In base 4, what is -11 + -3011210310?
-3011210321
In base 12, what is -76374 - 3?
-76377
In base 8, what is -14746 - -10?
-14736
In base 3, what is 0 - -110110222?
110110222
In base 6, what is -1441 - -553?
-444
In base 13, what is -2 - -2543?
2541
In base 16, what is 5bbc + 3?
5bbf
In base 10, what is -1 - -1128?
1127
In base 12, what is -4 + -2a9279?
-2a9281
In base 10, what is 46 + -555?
-509
In base 2, what is 101001001100 + 10000?
101001011100
In base 16, what is -35c6c - -5?
-35c67
In base 10, what is 3 + 1875?
1878
In base 7, what is -25 - 51332?
-51360
In base 13, what is 45 - 256?
-211
In base 13, what is 176a3 + 5?
176a8
In base 4, what is -1011 - -123103?
122032
In base 16, what is -78 + 55?
-23
In base 14, what is -26d2 - 5c?
-2750
In base 8, what is -4 + -1043654?
-1043660
In base 7, what is 453112 - 0?
453112
In base 15, what is -39 - -959?
920
In base 5, what is 10 - -221032?
221042
In base 12, what is -4 - -45a9?
45a5
In base 9, what is 3 + 260371?
260374
In base 13, what is 5 + 204485?
20448a
In base 15, what is -d187 + -3?
-d18a
In base 4, what is 2123103 - 0?
2123103
In base 8, what is -225205 + 3?
-225202
In base 16, what is -9 + dcec?
dce3
In base 4, what is 113210311 - 10?
113210301
In base 10, what is -134 - 128?
-262
In base 12, what is -598 - 10a?
-6a6
In base 13, what is 89 - -102?
18b
In base 7, what is 3160122 + -4?
3160115
In base 7, what is -336 + -402?
-1041
In base 7, what is -3655 + -10553?
-14541
In base 15, what is d9e0 - 1?
d9de
In base 11, what is -5328a - 5?
-53294
In base 4, what is 231303 - -2020?
233323
In base 7, what is 50550 - 11?
50536
In base 3, what is -121212 + -201100?
-1100012
In base 11, what is 46 + 1a8?
243
In base 8, what is -35 + 3060?
3023
In base 11, what is 5 - 3999?
-3994
In base 11, what is 0 + -13a493?
-13a493
In base 13, what is 147a33 + -5?
147a2b
In base 11, what is 156728 - -1?
156729
In base 9, 